{"id":14,"date":"2024-09-16T19:21:35","date_gmt":"2024-09-16T17:21:35","guid":{"rendered":"https:\/\/francepda.fr\/?page_id=14"},"modified":"2024-09-18T12:55:20","modified_gmt":"2024-09-18T10:55:20","slug":"les-membres-fondateurs","status":"publish","type":"page","link":"https:\/\/francepda.fr\/index.php\/les-membres-fondateurs\/","title":{"rendered":"L&#8217;association"},"content":{"rendered":"\n<h2 class=\"wp-block-heading\">Pr\u00e9sentation<\/h2>\n\n\n\n<p>France PDA est une association loi 1901 constitu\u00e9e en 2024. Elle n&#8217;a aucun but lucratif.<\/p>\n\n\n\n<h2 class=\"wp-block-heading\">Activit\u00e9s<\/h2>\n\n\n\n<p>L&#8217;association a pour but de participer \u00e0 la structuration du circuit du m\u00e9dicament dans les \u00e9tablissements m\u00e9dico-sociaux sans PUI en France. Elle f\u00e9d\u00e8re des pharmaciens impliqu\u00e9s dans la PDA \u00e0 grand volume (>1500 lits) et d\u00e9sireux de participer aux \u00e9volutions imp\u00e9ratives de cette activit\u00e9.<\/p>\n\n\n\n<p>Les membres de l&#8217;association mettent en commun leurs exp\u00e9riences en toute transparence, et dans le respect de la confidentialit\u00e9, \u00e0 travers des r\u00e9unions r\u00e9guli\u00e8res. Ces r\u00e9unions permettent d&#8217;aborder les nombreux sujets que la PDA couvre (production, contr\u00f4le, syst\u00e8me qualit\u00e9, &#8230;).<\/p>\n\n\n\n<p>L&#8217;association a \u00e9galement vocation \u00e0 mutualiser au del\u00e0 des exp\u00e9riences de chacun, les frais de d\u00e9veloppement de solutions.<\/p>\n\n\n\n<p>Enfin, l&#8217;association est au service des acteurs publics et priv\u00e9s s&#8217;int\u00e9ressant aux probl\u00e9matiques de s\u00e9curisation du circuit du m\u00e9dicament en EHPAD, MAS et FAM. N&#8217;h\u00e9sitez pas \u00e0 <a href=\"https:\/\/francepda.fr\/index.php\/contact\/\" data-type=\"page\" data-id=\"16\">nous contacter<\/a> si le sujet vous int\u00e9resse.<\/p>\n\n\n\n<h2 class=\"wp-block-heading\">Bureau<\/h2>\n\n\n\n<p>Pr\u00e9sident &#8211; Dr Olivier Berth\u00e9lemy<\/p>\n\n\n\n<p>Secr\u00e9taire &#8211; Dr Maxime Valfer<\/p>\n\n\n\n<p>Vice secr\u00e9taire &#8211; Dr Maxime Vdovytsya<\/p>\n\n\n\n<p>Tr\u00e9sorier &#8211; Dr Alain Benoit<\/p>\n\n\n\n<p>Vice tr\u00e9sorier &#8211; DR Alexandre Valfer<\/p>\n\n\n\n<p><\/p>\n\n\n\n<p><\/p>\n\n\n\n<p><\/p>\n","protected":false},"excerpt":{"rendered":"<p>Pr\u00e9sentation France PDA est une association loi 1901 constitu\u00e9e en 2024. Elle n&#8217;a aucun but lucratif. Activit\u00e9s L&#8217;association a pour but de participer \u00e0 la structuration du circuit du m\u00e9dicament dans les \u00e9tablissements m\u00e9dico-sociaux sans PUI en France. Elle f\u00e9d\u00e8re des pharmaciens impliqu\u00e9s dans la PDA \u00e0 grand volume (>1500 lits) et d\u00e9sireux de participer [&hellip;]<\/p>\n","protected":false},"author":1,"featured_media":0,"parent":0,"menu_order":0,"comment_status":"closed","ping_status":"closed","template":"","meta":{"_coblocks_attr":"","_coblocks_dimensions":"","_coblocks_responsive_height":"","_coblocks_accordion_ie_support":"","footnotes":""},"class_list":["post-14","page","type-page","status-publish","hentry"],"yoast_head":"<!-- This site is optimized with the Yoast SEO plugin v23.4 - https:\/\/yoast.com\/wordpress\/plugins\/seo\/ -->\n<title>L&#039;association - France PDA<\/title>\n<meta name=\"robots\" content=\"index, follow, max-snippet:-1, max-image-preview:large, max-video-preview:-1\" \/>\n<link rel=\"canonical\" href=\"https:\/\/francepda.fr\/index.php\/les-membres-fondateurs\/\" \/>\n<meta property=\"og:locale\" content=\"en_US\" \/>\n<meta property=\"og:type\" content=\"article\" \/>\n<meta property=\"og:title\" content=\"L&#039;association - France PDA\" \/>\n<meta property=\"og:description\" content=\"Pr\u00e9sentation France PDA est une association loi 1901 constitu\u00e9e en 2024. Elle n&#8217;a aucun but lucratif. Activit\u00e9s L&#8217;association a pour but de participer \u00e0 la structuration du circuit du m\u00e9dicament dans les \u00e9tablissements m\u00e9dico-sociaux sans PUI en France. Elle f\u00e9d\u00e8re des pharmaciens impliqu\u00e9s dans la PDA \u00e0 grand volume (&gt;1500 lits) et d\u00e9sireux de participer [&hellip;]\" \/>\n<meta property=\"og:url\" content=\"https:\/\/francepda.fr\/index.php\/les-membres-fondateurs\/\" \/>\n<meta property=\"og:site_name\" content=\"France PDA\" \/>\n<meta property=\"article:modified_time\" content=\"2024-09-18T10:55:20+00:00\" \/>\n<meta name=\"twitter:card\" content=\"summary_large_image\" \/>\n<meta name=\"twitter:label1\" content=\"Est. reading time\" \/>\n\t<meta name=\"twitter:data1\" content=\"1 minute\" \/>\n<script type=\"application\/ld+json\" class=\"yoast-schema-graph\">{\"@context\":\"https:\/\/schema.org\",\"@graph\":[{\"@type\":\"WebPage\",\"@id\":\"https:\/\/francepda.fr\/index.php\/les-membres-fondateurs\/\",\"url\":\"https:\/\/francepda.fr\/index.php\/les-membres-fondateurs\/\",\"name\":\"L'association - France PDA\",\"isPartOf\":{\"@id\":\"https:\/\/francepda.fr\/#website\"},\"datePublished\":\"2024-09-16T17:21:35+00:00\",\"dateModified\":\"2024-09-18T10:55:20+00:00\",\"breadcrumb\":{\"@id\":\"https:\/\/francepda.fr\/index.php\/les-membres-fondateurs\/#breadcrumb\"},\"inLanguage\":\"en-US\",\"potentialAction\":[{\"@type\":\"ReadAction\",\"target\":[\"https:\/\/francepda.fr\/index.php\/les-membres-fondateurs\/\"]}]},{\"@type\":\"BreadcrumbList\",\"@id\":\"https:\/\/francepda.fr\/index.php\/les-membres-fondateurs\/#breadcrumb\",\"itemListElement\":[{\"@type\":\"ListItem\",\"position\":1,\"name\":\"Home\",\"item\":\"https:\/\/francepda.fr\/\"},{\"@type\":\"ListItem\",\"position\":2,\"name\":\"L&#8217;association\"}]},{\"@type\":\"WebSite\",\"@id\":\"https:\/\/francepda.fr\/#website\",\"url\":\"https:\/\/francepda.fr\/\",\"name\":\"France PDA\",\"description\":\"Association loi 1901 \",\"publisher\":{\"@id\":\"https:\/\/francepda.fr\/#organization\"},\"potentialAction\":[{\"@type\":\"SearchAction\",\"target\":{\"@type\":\"EntryPoint\",\"urlTemplate\":\"https:\/\/francepda.fr\/?s={search_term_string}\"},\"query-input\":{\"@type\":\"PropertyValueSpecification\",\"valueRequired\":true,\"valueName\":\"search_term_string\"}}],\"inLanguage\":\"en-US\"},{\"@type\":\"Organization\",\"@id\":\"https:\/\/francepda.fr\/#organization\",\"name\":\"France PDA\",\"url\":\"https:\/\/francepda.fr\/\",\"logo\":{\"@type\":\"ImageObject\",\"inLanguage\":\"en-US\",\"@id\":\"https:\/\/francepda.fr\/#\/schema\/logo\/image\/\",\"url\":\"https:\/\/francepda.fr\/wp-content\/uploads\/2024\/09\/Logo-France-PDA.png\",\"contentUrl\":\"https:\/\/francepda.fr\/wp-content\/uploads\/2024\/09\/Logo-France-PDA.png\",\"width\":512,\"height\":512,\"caption\":\"France PDA\"},\"image\":{\"@id\":\"https:\/\/francepda.fr\/#\/schema\/logo\/image\/\"}}]}<\/script>\n<!-- \/ Yoast SEO plugin. -->","yoast_head_json":{"title":"L'association - France PDA","robots":{"index":"index","follow":"follow","max-snippet":"max-snippet:-1","max-image-preview":"max-image-preview:large","max-video-preview":"max-video-preview:-1"},"canonical":"https:\/\/francepda.fr\/index.php\/les-membres-fondateurs\/","og_locale":"en_US","og_type":"article","og_title":"L'association - France PDA","og_description":"Pr\u00e9sentation France PDA est une association loi 1901 constitu\u00e9e en 2024. Elle n&#8217;a aucun but lucratif. Activit\u00e9s L&#8217;association a pour but de participer \u00e0 la structuration du circuit du m\u00e9dicament dans les \u00e9tablissements m\u00e9dico-sociaux sans PUI en France. Elle f\u00e9d\u00e8re des pharmaciens impliqu\u00e9s dans la PDA \u00e0 grand volume (>1500 lits) et d\u00e9sireux de participer [&hellip;]","og_url":"https:\/\/francepda.fr\/index.php\/les-membres-fondateurs\/","og_site_name":"France PDA","article_modified_time":"2024-09-18T10:55:20+00:00","twitter_card":"summary_large_image","twitter_misc":{"Est. reading time":"1 minute"},"schema":{"@context":"https:\/\/schema.org","@graph":[{"@type":"WebPage","@id":"https:\/\/francepda.fr\/index.php\/les-membres-fondateurs\/","url":"https:\/\/francepda.fr\/index.php\/les-membres-fondateurs\/","name":"L'association - France PDA","isPartOf":{"@id":"https:\/\/francepda.fr\/#website"},"datePublished":"2024-09-16T17:21:35+00:00","dateModified":"2024-09-18T10:55:20+00:00","breadcrumb":{"@id":"https:\/\/francepda.fr\/index.php\/les-membres-fondateurs\/#breadcrumb"},"inLanguage":"en-US","potentialAction":[{"@type":"ReadAction","target":["https:\/\/francepda.fr\/index.php\/les-membres-fondateurs\/"]}]},{"@type":"BreadcrumbList","@id":"https:\/\/francepda.fr\/index.php\/les-membres-fondateurs\/#breadcrumb","itemListElement":[{"@type":"ListItem","position":1,"name":"Home","item":"https:\/\/francepda.fr\/"},{"@type":"ListItem","position":2,"name":"L&#8217;association"}]},{"@type":"WebSite","@id":"https:\/\/francepda.fr\/#website","url":"https:\/\/francepda.fr\/","name":"France PDA","description":"Association loi 1901 ","publisher":{"@id":"https:\/\/francepda.fr\/#organization"},"potentialAction":[{"@type":"SearchAction","target":{"@type":"EntryPoint","urlTemplate":"https:\/\/francepda.fr\/?s={search_term_string}"},"query-input":{"@type":"PropertyValueSpecification","valueRequired":true,"valueName":"search_term_string"}}],"inLanguage":"en-US"},{"@type":"Organization","@id":"https:\/\/francepda.fr\/#organization","name":"France PDA","url":"https:\/\/francepda.fr\/","logo":{"@type":"ImageObject","inLanguage":"en-US","@id":"https:\/\/francepda.fr\/#\/schema\/logo\/image\/","url":"https:\/\/francepda.fr\/wp-content\/uploads\/2024\/09\/Logo-France-PDA.png","contentUrl":"https:\/\/francepda.fr\/wp-content\/uploads\/2024\/09\/Logo-France-PDA.png","width":512,"height":512,"caption":"France PDA"},"image":{"@id":"https:\/\/francepda.fr\/#\/schema\/logo\/image\/"}}]}},"_links":{"self":[{"href":"https:\/\/francepda.fr\/index.php\/wp-json\/wp\/v2\/pages\/14","targetHints":{"allow":["GET"]}}],"collection":[{"href":"https:\/\/francepda.fr\/index.php\/wp-json\/wp\/v2\/pages"}],"about":[{"href":"https:\/\/francepda.fr\/index.php\/wp-json\/wp\/v2\/types\/page"}],"author":[{"embeddable":true,"href":"https:\/\/francepda.fr\/index.php\/wp-json\/wp\/v2\/users\/1"}],"replies":[{"embeddable":true,"href":"https:\/\/francepda.fr\/index.php\/wp-json\/wp\/v2\/comments?post=14"}],"version-history":[{"count":6,"href":"https:\/\/francepda.fr\/index.php\/wp-json\/wp\/v2\/pages\/14\/revisions"}],"predecessor-version":[{"id":73,"href":"https:\/\/francepda.fr\/index.php\/wp-json\/wp\/v2\/pages\/14\/revisions\/73"}],"wp:attachment":[{"href":"https:\/\/francepda.fr\/index.php\/wp-json\/wp\/v2\/media?parent=14"}],"curies":[{"name":"wp","href":"https:\/\/api.w.org\/{rel}","templated":true}]}}